mber?
True
Is 386433583 composite?
True
Is 19238602297 composite?
False
Is 404333359 a composite number?
False
Is 18180510211 prime?
False
Is 43598840627 composite?
False
Is 71711669 a prime number?
False
Is 20467979249 prime?
True
Is 13259303209 prime?
True
Is 54106031149 composite?
True
Is 28065902863 composite?
False
Is 55645459921 composite?
True
Is 236286221 prime?
True
Is 14905745059 prime?
False
Is 3503393773 a prime number?
False
Is 890145679 composite?
False
Is 2732349085 prime?
False
Is 445165993 a composite number?
False
Is 2115499153 composite?
True
Is 9053263441 a prime number?
False
Is 524813879 a prime number?
True
Is 4999117831 composite?
False
Is 297853379 a prime number?
False
Is 15690024043 composite?
False
Is 5040755719 composite?
False
Is 5651265469 prime?
True
Is 225374021 a composite number?
False
Is 3971440607 a composite number?
False
Is 74778511 a prime number?
False
Is 7937715119 composite?
False
Is 6901378111 a prime number?
True
Is 2081166221 prime?
False
Is 907642157 prime?
True
Is 43399415687 prime?
False
Is 3750724777 a composite number?
False
Is 2583653167 a prime number?
True
Is 1827416257 a composite number?
True
Is 32764677677 a composite number?
True
Is 5759010359 prime?
False
Is 47370256147 a prime number?
False
Is 12599634403 a composite number?
True
Is 146444109013 a composite number?
False
Is 1252036631 a composite number?
True
Is 101289731035 a prime number?
False
Is 77270078773 prime?
True
Is 579292631 a prime number?
True
Is 46052376571 a composite number?
True
Is 24883057421 composite?
False
Is 88749102121 a composite number?
True
Is 462690339 a composite number?
True
Is 1988098027 a composite number?
True
Is 42196437719 composite?
False
Is 42444590227 prime?
False
Is 937560991145 a composite number?
True
Is 14547747547 prime?
True
Is 227263349 prime?
False
Is 961220843 a composite number?
True
Is 955744249 composite?
False
Is 3463232261 prime?
True
Is 48646237 prime?
True
Is 16558221041 a prime number?
True
Is 79305379 prime?
False
Is 37958978891 a composite number?
True
Is 3352029809 a composite number?
False
Is 82750098419 a prime number?
False
Is 4518072899 prime?
True
Is 1439750029 a composite number?
False
Is 294027779 a prime number?
True
Is 70292437 a composite number?
False
Is 706332871 a prime number?
False
Is 3645693017 composite?
True
Is 9281739059 prime?
True
Is 2757295391 prime?
True
Is 121230716837 a composite number?
False
Is 663055397 a prime number?
True
Is 3698811089 a composite number?
False
Is 10870220098 a composite number?
True
Is 455732273 a composite number?
False
Is 625414909 prime?
False
Is 39313237 prime?
True
Is 45598013597 a prime number?
False
Is 13281818587 a composite number?
True
Is 592414271 composite?
False
Is 358677901 composite?
False
Is 58328273 a composite number?
False
Is 545631991 a composite number?
True
Is 262946381 prime?
True
Is 380557895 a composite number?
True
Is 10614002863 a prime number?
False
Is 1166372738 prime?
False
Is 19435772333 prime?
False
Is 29964337313 composite?
True
Is 42660984803 a prime number?
True
Is 9627038509 prime?
False
Is 3876888629 composite?
False
Is 225802607 prime?
True
Is 1225827787 a prime number?
True
Is 31701791171 composite?
True
Is 3865723997 a composite number?
False
Is 49632943 a composite number?
True
Is 97407493 a composite number?
False
Is 52277842721 a prime number?
False
Is 528890851 a composite number?
True
Is 101462017 a prime number?
True
Is 923447407 prime?
True
Is 442333709 prime?
True
Is 5629829487 a composite number?
True
Is 104534891 composite?
False
Is 1981869623 a prime number?
False
Is 22689350807 prime?
True
Is 4367794246 a composite number?
True
Is 888551137 a composite number?
True
Is 1979041378 prime?
False
Is 2527619161 composite?
False
Is 19716414277 a prime number?
False
Is 26227999529 prime?
True
Is 120297029 prime?
False
Is 3324949193 a composite number?
False
Is 61487897239 composite?
False
Is 423482693 composite?
True
Is 1997291711 prime?
True
Is 84731662727 composite?
False
Is 172353440605 composite?
True
Is 8151732881 composite?
True
Is 48031263037 prime?
True
Is 25459127429 a composite number?
False
Is 51427799 prime?
True
Is 1676941547 composite?
True
Is 5026300385 a prime number?
False
Is 2089171081 prime?
False
Is 17431877891 prime?
False
Is 255190932037 prime?
True
Is 9744374173 a composite number?
False
Is 34418177483 a composite number?
False
Is 6556840111 prime?
True
Is 962516479 a composite number?
False
Is 308616442 prime?
False
Is 246288703 composite?
True
Is 1086304447 prime?
True
Is 476958991 a prime number?
False
Is 732587533 composite?
False
Is 8815227739 composite?
True
Is 167296469 prime?
True
Is 631368607 a prime number?
False
Is 1875360199 prime?
False
Is 5234826559 a composite number?
False
Is 2542269553 composite?
False
Is 108485853101 composite?
False
Is 3353316491 a composite number?
True
Is 1011204319 a prime number?
False
Is 49551527 a composite number?
False
Is 865208539 prime?
False
Is 9982679081 composite?
False
Is 52093526759 a prime number?
True
Is 48561754217 prime?
True
Is 34010424127 a prime number?
False
Is 1137419297 prime?
False
Is 3107886029 composite?
False
Is 271628624703 a prime number?
False
Is 154518791971 a prime number?
True
Is 423592913 a composite number?
False
Is 50128133 a prime number?
False
Is 65135536627 prime?
False
Is 4659324073 prime?
True
Is 2738577227 composite?
False
Is 18590440333 composite?
False
Is 60090383 prime?
False
Is 16057470943 composite?
False
Is 2198892053 composite?
False
Is 6576209987 composite?
True
Is 1591491871 a composite number?
False
Is 252402142103 composite?
False
Is 1531478579 prime?
True
Is 15578833667 composite?
True
Is 856715591 a composite number?
False
Is 4424749663 prime?
False
Is 142194502223 a prime number?
True
Is 16874185753 a prime number?
True
Is 550754993 a composite number?
True
Is 2534438138 composite?
True
Is 3246985171 a prime number?
True
Is 4733413669 prime?
False
Is 942114809 composite?
False
Is 83118459539 prime?
False
Is 86236449361 a composite number?
False
Is 7472046479 a composite number?
True
Is 15582346629 a prime number?
False
Is 19121388719 composite?
False
Is 2560679909 prime?
True
Is 1914503471 a prime number?
False
Is 42439896419 a prime number?
False
Is 318193223 a prime number?
False
Is 377782037 prime?
True
Is 482027389 a composite number?
True
Is 1049428477 a prime number?
False
Is 5422549439 composite?
True
Is 11710311619 a prime number?
False
Is 269237411 composite?
False
Is 61106287663 composite?
True
Is 7153513891 a composite number?
False
Is 427607779 a prime number?
False
Is 4421595487 prime?
True
Is 568982551 a composite number?
False
Is 98711663 composite?
False
Is 161594581 a composite number?
False
Is 50179316717 a composite number?
False
Is 75654668249 composite?
True
Is 7119323611 composite?
False
Is 6391943 a prime number?
False
Is 68482104857 a composite number?
True
Is 24987004853 prime?
False
Is 2174107189 a prime number?
False
Is 2186825779 prime?
True
Is 777928579 prime?
True
Is 481169609 a prime number?
True
Is 1151588377 a prime number?
True
Is 8385082103 a composite number?
False
Is 30117960058 prime?
False
Is 1557587023 prime?
True
Is 32137744831 prime?
True
Is 276369831911 composite?
True
Is 6466030015 a prime number?
False
Is 2822822771 a prime number?
False
Is 19309803185 a composite number?
True
Is 3611077238 prime?
False
Is 1657463293 a composite number?
False
Is 3663173803 a composite number?
False
Is 8349117901 a composite number?
True
Is 1323456491 a composite number?
True
Is 10055589031 prime?
True
Is 59212228157 composite?
True
Is 485169347 prime?
False
Is 28215578777 composite?
False
Is 97123673 composite?
False
Is 54372984487 a prime number?
True
Is 10476677059 prime?
False
Is 15283045223 prime?
False
Is 32765362043 prime?
True
Is 361765935133 composite?
True
Is 237982135 a prime number?
False
Is 940579597 a prime number?
True
Is 292001286179 composite?
False
Is 853868389 a prime number?
False
Is 983043653 composite?
True
Is 82481723 a prime number?
True
Is 3669152689 composite?
True
Is 13527251321 a prime number?
False
Is 19875006257 a prime number?
False
Is 7602211082 prime?
False
Is 12676677529 a composite number?
False
Is 176815164